
Is 207438 a multiple of 28?
False
Is 488 a factor of 133521?
False
Does 885 divide 2920500?
True
Does 20 divide 12309460?
True
Does 10 divide 1906130?
True
Is 354592 a multiple of 7?
True
Is 2 a factor of 312386?
True
Is 2202104 a multiple of 169?
False
Does 431 divide 462014?
False
Is 23 a factor of 129643?
False
Does 136 divide 28832?
True
Is 47 a factor of 53157?
True
Is 11 a factor of 12254?
True
Does 161 divide 77362?
False
Is 739172 a multiple of 4?
True
Is 12349597 a multiple of 401?
True
Is 7 a factor of 20830?
False
Is 20572621 a multiple of 55?
False
Does 284 divide 246512?
True
Is 633 a factor of 1812279?
True
Is 230816 a multiple of 83?
False
Is 460216 a multiple of 11?
False
Does 191 divide 209336?
True
Is 19 a factor of 371291?
False
Is 126 a factor of 304631?
False
Is 2687276 a multiple of 844?
False
Is 414 a factor of 385020?
True
Is 87 a factor of 146395?
False
Is 33026 a multiple of 97?
False
Is 829 a factor of 1238694?
False
Is 5 a factor of 6946777?
False
Is 331854 a multiple of 6?
True
Does 14 divide 40391?
False
Is 10 a factor of 140560?
True
Does 574 divide 1227212?
True
Does 364 divide 2518516?
True
Is 1768375 a multiple of 33?
False
Is 12 a factor of 170100?
True
Is 2195906 a multiple of 19?
True
Is 580346 a multiple of 18?
False
Is 6 a factor of 29546?
False
Does 13 divide 42341?
True
Does 24 divide 12280416?
True
Is 20943 a multiple of 199?
False
Is 1652858 a multiple of 9?
False
Is 478 a factor of 288060?
False
Is 179 a factor of 3259590?
True
Is 410 a factor of 99441?
False
Is 1320787 a multiple of 54?
False
Is 391 a factor of 5862263?
True
Does 212 divide 55859?
False
Is 47 a factor of 8750930?
True
Is 356 a factor of 1231789?
False
Is 823 a factor of 4748326?
False
Is 130 a factor of 1573260?
True
Does 338 divide 144638?
False
Is 632641 a multiple of 72?
False
Is 4651776 a multiple of 384?
True
Does 893 divide 992987?
False
Is 2109458 a multiple of 869?
False
Is 18 a factor of 113688?
True
Is 1736062 a multiple of 4?
False
Does 60 divide 19759?
False
Is 2121044 a multiple of 7?
False
Is 11 a factor of 378929?
False
Is 880 a factor of 2264885?
False
Is 1992774 a multiple of 238?
True
Is 3 a factor of 597007?
False
Is 459 a factor of 232701?
False
Does 25 divide 261939?
False
Is 1318810 a multiple of 43?
True
Is 293652 a multiple of 69?
False
Is 104 a factor of 3524311?
False
Is 33 a factor of 309969?
True
Does 334 divide 7702537?
False
Does 17 divide 42501?
False
Does 167 divide 7053913?
True
Does 71 divide 12511975?
True
Does 64 divide 3338538?
False
Is 14 a factor of 4337630?
False
Does 22 divide 94638?
False
Is 904820 a multiple of 23?
True
Is 46 a factor of 12274548?
True
Does 17 divide 1164704?
True
Is 7703920 a multiple of 7?
True
Is 334478 a multiple of 41?
True
Is 2404656 a multiple of 16?
True
Does 65 divide 131681?
False
Does 886 divide 15168732?
False
Is 72 a factor of 148824?
True
Does 101 divide 60802?
True
Is 489582 a multiple of 70?
False
Does 17 divide 7452976?
False
Is 182958 a multiple of 46?
False
Does 614 divide 2123826?
True
Is 18 a factor of 5082408?
True
Is 33 a factor of 2509650?
True
Does 160 divide 956196?
False
Is 55 a factor of 3423923?
False
Is 112964 a multiple of 26?
False
Is 2593892 a multiple of 28?
True
Does 19 divide 54321?
True
Is 156035 a multiple of 5?
True
Is 2691378 a multiple of 12?
False
Is 21 a factor of 8547667?
False
Is 833 even?
False
Does 229 divide 3409533?
False
Is 605 a factor of 887535?
True
Does 342 divide 497268?
True
Is 3947157 a multiple of 170?
False
Does 8 divide 914492?
False
Does 15 divide 624144?
False
Does 10 divide 13610?
True
Is 41 a factor of 128771?
False
Is 8 a factor of 2001771?
False
Is 2 a factor of 93033?
False
Is 137 a factor of 697878?
True
Is 3 a factor of 502317?
True
Is 47 a factor of 903973?
False
Does 108 divide 1322460?
True
Is 229433 a multiple of 15?
False
Does 415 divide 596355?
True
Is 84565 a multiple of 5?
True
Does 8 divide 3266?
False
Is 1287 a factor of 2195622?
True
Is 95 a factor of 65550?
True
Is 54 a factor of 8856?
True
Is 62 a factor of 177253?
False
Does 6 divide 368328?
True
Is 154 a factor of 2824206?
True
Is 93 a factor of 1187052?
True
Is 143201 a multiple of 71?
False
Is 63 a factor of 855792?
True
Is 31 a factor of 4305776?
True
Is 79 a factor of 77341?
True
Does 46 divide 874017?
False
Does 5 divide 126930?
True
Is 567083 a multiple of 11?
True
Is 168635 a multiple of 145?
True
Is 547475 a multiple of 1525?
True
Does 43 divide 1937365?
True
Does 32 divide 38976?
True
Does 239 divide 40810?
False
Is 7623553 a multiple of 521?
False
Is 2864399 a multiple of 163?
True
Does 8 divide 5605750?
False
Is 11 a factor of 4083058?
False
Does 4 divide 200894?
False
Is 176786 a multiple of 7?
False
Does 8 divide 511416?
True
Is 5160030 a multiple of 34?
False
Is 342434 a multiple of 144?
False
Is 269 a factor of 115980?
False
Is 353 a factor of 1454713?
True
Is 6 a factor of 58700?
False
Is 10 a factor of 16599006?
False
Does 155 divide 44485?
True
Is 252467 a multiple of 17?
True
Is 774972 a multiple of 66?
True
Does 221 divide 13859573?
True
Is 1341251 a multiple of 7?
False
Is 95669 a multiple of 248?
False
Is 112101 a multiple of 23?
False
Is 57748 a multiple of 34?
False
Is 183760 a multiple of 80?
True
Does 750 divide 462968?
False
Is 30 a factor of 232786?
False
Is 2008023 a multiple of 57?
False
Does 27 divide 3208?
False
Does 98 divide 69573?
False
Is 114 a factor of 71752?
False
Does 52 divide 244939?
False
Is 423821 a multiple of 60?
False
Does 31 divide 7063148?
False
Is 27 a factor of 7127?
False
Is 580580 a multiple of 377?
True
Does 116 divide 2107629?
False
Does 44 divide 665999?
False
Is 380 a factor of 2412074?
False
Is 8173 a multiple of 13?
False
Is 809523 a multiple of 111?
True
Does 448 divide 2867665?
False
Does 16 divide 6624736?
True
Does 6 divide 26478?
True
Does 13 divide 10961719?
False
Is 2278147 a multiple of 205?
False
Does 39 divide 207008?
False
Does 60 divide 1634321?
False
Does 177 divide 69915?
True
Is 1197894 a multiple of 84?
False
Is 130578 a multiple of 42?
True
Does 68 divide 72459?
False
Is 134503 a multiple of 11?
False
Is 19 a factor of 217531?
True
Does 119 divide 221707?
False
Is 14 a factor of 169708?
True
Is 2840343 a multiple of 249?
True
Is 65412 a multiple of 69?
True
Does 1834 divide 7844018?
True
Is 2475361 a multiple of 199?
True
Does 190 divide 2419460?
True
Is 1701136 a multiple of 958?
False
Is 31 a factor of 143685?
True
Is 34 a factor of 83838?
False
Does 1095 divide 9579060?
True
Is 478 a factor of 3959274?
True
Does 89 divide 665148?
False
Is 115 a factor of 299231?
False
Is 9578 a multiple of 90?
False
Does 125 divide 126056?
False
Does 182 divide 213211?
False
Does 81 divide 549747?
True
Does 91 divide 81718?
True
Does 448 divide 47936?
True
Does 179 divide 1802530?
True
Does 19 divide 14842760?
False
Does 22 divide 18124061?
False
Does 2 divide 140474?
True
Is 511734 a multiple of 519?
True
Does 9 divide 539?
False
Is 171 a factor of 1567215?
True
Is 1346491 a multiple of 245?
False
Is 530 a factor of 1154340?
True
Is 40 a factor of 2912320?
True
Does 55 divide 19975800?
False
Is 13 a factor of 516608?
False
Is 943700 a multiple of 29?
False
Is 14 a factor of 8045548?
True
Is 34 a factor of 138404?
False
Is 150 a factor of 8752302?
False
Does 28 divide 10253488?
True
Is 13 a factor of 2742090?
True
Does 17 divide 5922092?
False
Does 30 divide 221577?
False
Does 47 divide 1023284?
True
Is 35 a factor of 129640?
True
Is 2780670 a multiple of 3?
True
Is 114 a factor of 79230?
True
Does 93 divide 3699138?
False
Does 34 divide 807534?
True
Is 16209 a multiple of 4?
False
Is 326060 a multiple of 7?
True
Is 200690 a multiple of 70?
True
Is 14504380 a multiple of 10?
True
Does 11 divide 753335?
True
Does 913 divide 1293721?
True
Is 1370410 a multiple of 86?
True
Does 15 divide 593538?
False
Is 254286 a multiple of 18?
True
Does 7 divide 44143?
False
Is 6318687 a multiple of 10?
False
Is 37 a factor of 592672?
False
Is 346050 a multiple of 18?
True
Is 13 a factor of 508791?
False
Is 4132953 a multiple of 9?
True
Is 26370 a multiple of 14?
False
Is 194 a factor of 237250?
False
Is 13 a factor of 59137?
True
Is 3615 a multiple of 4?
False
Is 21247 a multiple of 104?
Fal